{"id":5146,"date":"2023-04-28T16:48:51","date_gmt":"2023-04-28T16:48:51","guid":{"rendered":"http:\/\/localhost\/?page_id=5146"},"modified":"2025-09-17T17:33:50","modified_gmt":"2025-09-17T17:33:50","slug":"personal","status":"publish","type":"page","link":"https:\/\/www.cifo.edu.pe\/index.php\/organizacion\/personal\/","title":{"rendered":"Personal"},"content":{"rendered":"<section class=\"wpb-content-wrapper\"><p>[vc_row wrap_container=\u00bbyes\u00bb el_class=\u00bbpy-3 pt-lg-5 pb-lg-4 my-5&#8243;][vc_column offset=\u00bbvc_col-md-6&#8243;][vc_custom_heading text=\u00bbOrganizaci\u00f3n\u00bb font_container=\u00bbtag:h5|font_size:14px|text_align:left|line_height:26px\u00bb use_theme_fonts=\u00bbyes\u00bb text_transform=\u00bbtext-uppercase\u00bb font_weight=\u00bb600&#8243; skin=\u00bbprimary\u00bb letter_spacing=\u00bb0&#8243; show_border=\u00bbyes\u00bb border_skin=\u00bbprimary\u00bb border_type=\u00bbmiddle-border-reverse\u00bb border_size=\u00bblg\u00bb animation_delay=\u00bb100&#8243; animation_type=\u00bbfadeInLeft\u00bb el_class=\u00bbmb-1&#8243; border_spacing=\u00bb{\u00abxl\u00ab:\u00ab20\u00ab,\u00abunit\u00ab:\u00ab\u00ab,\u00abxs\u00ab:\u00ab\u00ab,\u00absm\u00ab:\u00ab\u00ab,\u00abmd\u00ab:\u00ab\u00ab,\u00ablg\u00ab:\u00ab\u00ab}\u00bb css=\u00bb.vc_custom_1682698856313{margin-top: 15px !important;}\u00bb][vc_custom_heading text=\u00bbPersonal\u00bb font_container=\u00bbtag:h2|text_align:left|line_height:normal\u00bb use_theme_fonts=\u00bbyes\u00bb skin=\u00bbsecondary\u00bb animation_delay=\u00bb200&#8243; el_class=\u00bbmb-4&#8243; animation_type=\u00bbfadeInLeft\u00bb][vc_custom_heading text=\u00bbLa Instituci\u00f3n Educativa Isabel Flores de Oliva, concibe la educaci\u00f3n como un proceso de humanizaci\u00f3n permanente que coloca a la persona en el centro de su pedagog\u00eda y organizaci\u00f3n, busca, en consecuencia, formar sujetos y comunidades que vivan una vida plenamente humana y que desde una profunda formaci\u00f3n integral constituyan una ciudadan\u00eda consciente y activa comprometida con el bien com\u00fan y con la sociedad de la cual forma parte.\u00bb font_container=\u00bbtag:p|text_align:left\u00bb use_theme_fonts=\u00bbyes\u00bb font_weight=\u00bb600&#8243; animation_delay=\u00bb300&#8243; animation_type=\u00bbfadeInLeft\u00bb]<div class=\"porto-animation d-flex align-items-center justify-content-start\"  data-appear-animation=\"fadeIn\" data-appear-animation-delay=\"700\">[vc_pie value=\u00bb100&#8243; size=\u00bb175&#8243; speed=\u00bb2500&#8243; line=\u00bb14&#8243; el_class=\u00bbmb-1&#8243; title_porto_typography=\u00bb{\u00abfamily\u00ab:\u00abDefault\u00ab,\u00abvariant\u00ab:\u00abDefault\u00ab,\u00abfont_size\u00ab:\u00ab\u00ab,\u00abline_height\u00ab:\u00ab\u00ab,\u00abletter_spacing\u00ab:\u00ab\u00ab,\u00abtext_transform\u00ab:\u00ab\u00ab}\u00bb value_porto_typography=\u00bb{\u00abfamily\u00ab:\u00abDefault\u00ab,\u00abvariant\u00ab:\u00ab600\u00ab,\u00abfont_size\u00ab:\u00ab22px\u00ab,\u00abline_height\u00ab:\u00ab\u00ab,\u00abletter_spacing\u00ab:\u00ab0px\u00ab,\u00abtext_transform\u00ab:\u00ab\u00ab}\u00bb value_color=\u00bb#222529&#8243;][vc_custom_heading text=\u00bbEducaci\u00f3n como un proceso de<br \/>\n\u201chumanizaci\u00f3n\u201d\u00bb font_container=\u00bbtag:h5|font_size:1.4em|text_align:left|line_height:1.4&#8243; use_theme_fonts=\u00bbyes\u00bb font_weight=\u00bb800&#8243; skin=\u00bbdark\u00bb el_class=\u00bbms-3 mb-1&#8243;]<\/div>[\/vc_column][vc_column width=\u00bb2\/3&#8243; animation_delay=\u00bb200&#8243; offset=\u00bbvc_col-md-offset-0 vc_col-md-6 vc_col-sm-offset-2&#8243; el_class=\u00bbcoaching\u00bb animation_type=\u00bbfadeIn\u00bb css=\u00bb.vc_custom_1660843378346{padding-top: 15px !important;}\u00bb conditional_render=\u00bb%5B%7B%22value_role%22%3A%22administrator%22%7D%5D\u00bb][vc_images_carousel images=\u00bb8276,8322,8321,8324,8323,8263,8275,8272,5952&#8243; img_size=\u00bbfull\u00bb]<div class=\"porto-testimonial wpb_content_element   wpb_custom_4760b66c0cbf51ec9a7673f3785bca75\"><div class=\"testimonial testimonial-style-2 testimonial-with-quotes\"><blockquote class=\"testimonial-carousel\" style=\"color:#212529\"><p><em><strong>\u00abHay que tener la cabeza y el coraz\u00f3n en el momento presente\u201d.<\/strong><\/em><\/p><\/blockquote><div class=\"testimonial-author\"><p><a href=\"#\"><strong>San Pedro Poveda.<\/strong><\/a><span>Cifo<\/span><\/p><\/div><\/div><\/div>[\/vc_column][\/vc_row][vc_row][vc_column][vc_tabs][vc_tab title=\u00bbDOCENTES\u00bb tab_id=\u00bb2779d779-f263-7&#8243;][vc_custom_heading text=\u00bbEl personal docente est\u00e1 conformado por profesionales que poseen habilidades comunicativas que le permite  llega  a entendimiento, construir relaciones significativas y gratificantes, as\u00ed como ejercer la posibilidad de acci\u00f3n concertada para el servicio al otro y el bien com\u00fan. Tiene disposici\u00f3n y habilidades para el trabajo en equipo y es capaz de tomar la iniciativa para realizar mejoras en las pr\u00e1cticas pedag\u00f3gicas del Centro.<\/p>\n<p>Adem\u00e1s de poseer habilidades para realizar la labor tutorial y el acompa\u00f1amiento de personas en formaci\u00f3n, lo que incluye la disposici\u00f3n para interesarse por el otro, acoger sus expectativas y dise\u00f1ar estrategias de trabajo conjunto con los alumnos y sus familias, es capaz de realizar evaluaci\u00f3n, investigaci\u00f3n, sistematizaci\u00f3n de sus pr\u00e1cticas y aprender e innovar a partir de los resultados de las mismas.\u00bb font_container=\u00bbtag:p|text_align:left\u00bb use_theme_fonts=\u00bbyes\u00bb font_weight=\u00bb600&#8243; animation_delay=\u00bb300&#8243; animation_type=\u00bbfadeInLeft\u00bb]<div class=\"porto-gallery has-ccols ccols-1 wpb_custom_990125ee54cc6ce8d5f272820494c17d porto-carousel owl-carousel nav-inside align-items-start porto-ig-effect-2\" data-plugin-options=\"{&quot;autoplay&quot;:true,&quot;autoplayTimeout&quot;:5000,&quot;autoplayHoverPause&quot;:true,&quot;items&quot;:1,&quot;lg&quot;:1,&quot;md&quot;:1,&quot;sm&quot;:1,&quot;xs&quot;:1,&quot;nav&quot;:true,&quot;dots&quot;:&quot;yes&quot;}\"><figure><img width=\"2560\" height=\"1440\" src=\"https:\/\/www.cifo.edu.pe\/wp-content\/uploads\/2025\/08\/INICIAL-scaled.jpg\" class=\"attachment-full size-full\" alt=\"\" decoding=\"async\" loading=\"lazy\" srcset=\"https:\/\/www.cifo.edu.pe\/wp-content\/uploads\/2025\/08\/INICIAL-scaled.jpg 2560w, https:\/\/www.cifo.edu.pe\/wp-content\/uploads\/2025\/08\/INICIAL-1024x576.jpg 1024w, https:\/\/www.cifo.edu.pe\/wp-content\/uploads\/2025\/08\/INICIAL-768x432.jpg 768w, https:\/\/www.cifo.edu.pe\/wp-content\/uploads\/2025\/08\/INICIAL-1536x864.jpg 1536w, https:\/\/www.cifo.edu.pe\/wp-content\/uploads\/2025\/08\/INICIAL-2048x1152.jpg 2048w, https:\/\/www.cifo.edu.pe\/wp-content\/uploads\/2025\/08\/INICIAL-640x360.jpg 640w, https:\/\/www.cifo.edu.pe\/wp-content\/uploads\/2025\/08\/INICIAL-400x225.jpg 400w, https:\/\/www.cifo.edu.pe\/wp-content\/uploads\/2025\/08\/INICIAL-367x206.jpg 367w\" sizes=\"(max-width: 2560px) 100vw, 2560px\" \/><\/figure><figure><img width=\"2560\" height=\"1440\" src=\"https:\/\/www.cifo.edu.pe\/wp-content\/uploads\/2025\/09\/PRIMARIA-scaled.jpg\" class=\"attachment-full size-full\" alt=\"\" decoding=\"async\" loading=\"lazy\" srcset=\"https:\/\/www.cifo.edu.pe\/wp-content\/uploads\/2025\/09\/PRIMARIA-scaled.jpg 2560w, https:\/\/www.cifo.edu.pe\/wp-content\/uploads\/2025\/09\/PRIMARIA-1024x576.jpg 1024w, https:\/\/www.cifo.edu.pe\/wp-content\/uploads\/2025\/09\/PRIMARIA-768x432.jpg 768w, https:\/\/www.cifo.edu.pe\/wp-content\/uploads\/2025\/09\/PRIMARIA-1536x864.jpg 1536w, https:\/\/www.cifo.edu.pe\/wp-content\/uploads\/2025\/09\/PRIMARIA-2048x1152.jpg 2048w, https:\/\/www.cifo.edu.pe\/wp-content\/uploads\/2025\/09\/PRIMARIA-640x360.jpg 640w, https:\/\/www.cifo.edu.pe\/wp-content\/uploads\/2025\/09\/PRIMARIA-400x225.jpg 400w, https:\/\/www.cifo.edu.pe\/wp-content\/uploads\/2025\/09\/PRIMARIA-367x206.jpg 367w\" sizes=\"(max-width: 2560px) 100vw, 2560px\" \/><\/figure><figure><img width=\"2560\" height=\"1440\" src=\"https:\/\/www.cifo.edu.pe\/wp-content\/uploads\/2025\/09\/SECUNDARIA-scaled.jpg\" class=\"attachment-full size-full\" alt=\"\" decoding=\"async\" loading=\"lazy\" srcset=\"https:\/\/www.cifo.edu.pe\/wp-content\/uploads\/2025\/09\/SECUNDARIA-scaled.jpg 2560w, https:\/\/www.cifo.edu.pe\/wp-content\/uploads\/2025\/09\/SECUNDARIA-1024x576.jpg 1024w, https:\/\/www.cifo.edu.pe\/wp-content\/uploads\/2025\/09\/SECUNDARIA-768x432.jpg 768w, https:\/\/www.cifo.edu.pe\/wp-content\/uploads\/2025\/09\/SECUNDARIA-1536x864.jpg 1536w, https:\/\/www.cifo.edu.pe\/wp-content\/uploads\/2025\/09\/SECUNDARIA-2048x1152.jpg 2048w, https:\/\/www.cifo.edu.pe\/wp-content\/uploads\/2025\/09\/SECUNDARIA-640x360.jpg 640w, https:\/\/www.cifo.edu.pe\/wp-content\/uploads\/2025\/09\/SECUNDARIA-400x225.jpg 400w, https:\/\/www.cifo.edu.pe\/wp-content\/uploads\/2025\/09\/SECUNDARIA-367x207.jpg 367w\" sizes=\"(max-width: 2560px) 100vw, 2560px\" \/><\/figure><\/div>[\/vc_tab][vc_tab title=\u00bbDEPARTAMENTO PSICOPEDAGOGICO.\u00bb tab_id=\u00bb1682700710582-1-8&#8243;][vc_custom_heading text=\u00bbEl Departamento de Orientaci\u00f3n tiene por finalidad asesorar e impulsar la orientaci\u00f3n psicopedag\u00f3gica de la Instituci\u00f3n Educativa, as\u00ed como planificar, en equipo, las acciones y estrategias que permitan reforzar la formaci\u00f3n integral del alumno, asesorando la programaci\u00f3n y acompa\u00f1ar el desarrollo del Plan de Tutor\u00eda, reforzando, con programas espec\u00edficos, aquellas \u00e1reas que, de acuerdo a la edad y necesidad del grupo, se contemplen.\u00bb font_container=\u00bbtag:p|text_align:left\u00bb use_theme_fonts=\u00bbyes\u00bb font_weight=\u00bb600&#8243; animation_delay=\u00bb300&#8243; animation_type=\u00bbfadeInLeft\u00bb]<div class=\"porto-gallery has-ccols ccols-1 wpb_custom_990125ee54cc6ce8d5f272820494c17d porto-carousel owl-carousel nav-inside align-items-start porto-ig-effect-2\" data-plugin-options=\"{&quot;autoplay&quot;:true,&quot;autoplayTimeout&quot;:5000,&quot;autoplayHoverPause&quot;:true,&quot;items&quot;:1,&quot;lg&quot;:1,&quot;md&quot;:1,&quot;sm&quot;:1,&quot;xs&quot;:1,&quot;nav&quot;:true,&quot;dots&quot;:&quot;yes&quot;}\"><figure><img width=\"2560\" height=\"1440\" src=\"https:\/\/www.cifo.edu.pe\/wp-content\/uploads\/2025\/09\/PSICOLOGIA-scaled.jpg\" class=\"attachment-full size-full\" alt=\"\" decoding=\"async\" loading=\"lazy\" srcset=\"https:\/\/www.cifo.edu.pe\/wp-content\/uploads\/2025\/09\/PSICOLOGIA-scaled.jpg 2560w, https:\/\/www.cifo.edu.pe\/wp-content\/uploads\/2025\/09\/PSICOLOGIA-1024x576.jpg 1024w, https:\/\/www.cifo.edu.pe\/wp-content\/uploads\/2025\/09\/PSICOLOGIA-768x432.jpg 768w, https:\/\/www.cifo.edu.pe\/wp-content\/uploads\/2025\/09\/PSICOLOGIA-1536x864.jpg 1536w, https:\/\/www.cifo.edu.pe\/wp-content\/uploads\/2025\/09\/PSICOLOGIA-2048x1152.jpg 2048w, https:\/\/www.cifo.edu.pe\/wp-content\/uploads\/2025\/09\/PSICOLOGIA-640x360.jpg 640w, https:\/\/www.cifo.edu.pe\/wp-content\/uploads\/2025\/09\/PSICOLOGIA-400x225.jpg 400w, https:\/\/www.cifo.edu.pe\/wp-content\/uploads\/2025\/09\/PSICOLOGIA-367x206.jpg 367w\" sizes=\"(max-width: 2560px) 100vw, 2560px\" \/><\/figure><\/div>[\/vc_tab][vc_tab title=\u00bbADMINISTRATIVOS\u00bb tab_id=\u00bb1682700713271-2-9&#8243;][vc_custom_heading text=\u00bbEst\u00e1 conformado por profesionales que conocen y se comprometen con el Proyecto Educativo Institucional y desde su funci\u00f3n contribuye a su realizaci\u00f3n.<\/p>\n<p>Es capaz de trabajar en equipo de manera responsable, respet\u00e1ndose mutuamente al interior de su propio estamento y con toda la comunidad educativa, adem\u00e1s de vivir el compromiso cristiano desde su realidad personal, abierta a la vida de la Iglesia como comunidad de fe y a la Espiritualidad de la Instituci\u00f3n Teresiana.\u00bb font_container=\u00bbtag:p|text_align:left\u00bb use_theme_fonts=\u00bbyes\u00bb font_weight=\u00bb600&#8243; animation_delay=\u00bb300&#8243; animation_type=\u00bbfadeInLeft\u00bb]<div class=\"porto-gallery has-ccols ccols-1 wpb_custom_990125ee54cc6ce8d5f272820494c17d porto-carousel owl-carousel nav-inside align-items-start\" data-plugin-options=\"{&quot;autoplay&quot;:true,&quot;autoplayTimeout&quot;:5000,&quot;autoplayHoverPause&quot;:true,&quot;items&quot;:1,&quot;lg&quot;:1,&quot;md&quot;:1,&quot;sm&quot;:1,&quot;xs&quot;:1,&quot;nav&quot;:true,&quot;dots&quot;:&quot;yes&quot;}\"><\/div>[\/vc_tab][vc_tab title=\u00bbINFOCENTRO\u00bb tab_id=\u00bb1682700713897-3-6&#8243;][vc_custom_heading text=\u00bbLas bibliotecarias no solo realizan b\u00fasquedas de informaci\u00f3n, colocan libros en las estanter\u00edas y son guardianes del silencio y la tranquilidad en la biblioteca, las bibliotecarias ejercen una \u00fanica profesi\u00f3n pero con funciones de lo m\u00e1s variopintas.\u00bb font_container=\u00bbtag:p|text_align:left\u00bb use_theme_fonts=\u00bbyes\u00bb font_weight=\u00bb600&#8243; animation_delay=\u00bb300&#8243; animation_type=\u00bbfadeInLeft\u00bb]<div class=\"porto-gallery has-ccols ccols-1 wpb_custom_990125ee54cc6ce8d5f272820494c17d porto-carousel owl-carousel nav-inside align-items-start porto-ig-effect-2\" data-plugin-options=\"{&quot;autoplay&quot;:true,&quot;autoplayTimeout&quot;:5000,&quot;autoplayHoverPause&quot;:true,&quot;items&quot;:1,&quot;lg&quot;:1,&quot;md&quot;:1,&quot;sm&quot;:1,&quot;xs&quot;:1,&quot;nav&quot;:true,&quot;dots&quot;:&quot;yes&quot;}\"><figure><img width=\"2560\" height=\"1440\" src=\"https:\/\/www.cifo.edu.pe\/wp-content\/uploads\/2025\/08\/INFOCENTRO-scaled.jpg\" class=\"attachment-full size-full\" alt=\"\" decoding=\"async\" loading=\"lazy\" srcset=\"https:\/\/www.cifo.edu.pe\/wp-content\/uploads\/2025\/08\/INFOCENTRO-scaled.jpg 2560w, https:\/\/www.cifo.edu.pe\/wp-content\/uploads\/2025\/08\/INFOCENTRO-1024x576.jpg 1024w, https:\/\/www.cifo.edu.pe\/wp-content\/uploads\/2025\/08\/INFOCENTRO-768x432.jpg 768w, https:\/\/www.cifo.edu.pe\/wp-content\/uploads\/2025\/08\/INFOCENTRO-1536x864.jpg 1536w, https:\/\/www.cifo.edu.pe\/wp-content\/uploads\/2025\/08\/INFOCENTRO-2048x1152.jpg 2048w, https:\/\/www.cifo.edu.pe\/wp-content\/uploads\/2025\/08\/INFOCENTRO-640x360.jpg 640w, https:\/\/www.cifo.edu.pe\/wp-content\/uploads\/2025\/08\/INFOCENTRO-400x225.jpg 400w, https:\/\/www.cifo.edu.pe\/wp-content\/uploads\/2025\/08\/INFOCENTRO-367x206.jpg 367w\" sizes=\"(max-width: 2560px) 100vw, 2560px\" \/><\/figure><\/div>[\/vc_tab][vc_tab title=\u00bbT\u00d3PICO\u00bb tab_id=\u00bb1682700714502-4-2&#8243;][vc_custom_heading text=\u00bbEl \u00e1rea de enfermer\u00eda del CIFO cuenta con 2 enfermeras con amplia experiencia para atender las urgencias que puedan ocurrir durante el horario lectivo.\u00bb font_container=\u00bbtag:p|text_align:left\u00bb use_theme_fonts=\u00bbyes\u00bb font_weight=\u00bb600&#8243; animation_delay=\u00bb300&#8243; animation_type=\u00bbfadeInLeft\u00bb]<div class=\"porto-gallery has-ccols ccols-1 wpb_custom_990125ee54cc6ce8d5f272820494c17d porto-carousel owl-carousel nav-inside align-items-start porto-ig-effect-2\" data-plugin-options=\"{&quot;autoplay&quot;:true,&quot;autoplayTimeout&quot;:5000,&quot;autoplayHoverPause&quot;:true,&quot;items&quot;:1,&quot;lg&quot;:1,&quot;md&quot;:1,&quot;sm&quot;:1,&quot;xs&quot;:1,&quot;nav&quot;:true,&quot;dots&quot;:&quot;yes&quot;}\"><figure><img width=\"2119\" height=\"2967\" src=\"https:\/\/www.cifo.edu.pe\/wp-content\/uploads\/2025\/08\/TOPICO.png\" class=\"attachment-full size-full\" alt=\"\" decoding=\"async\" loading=\"lazy\" srcset=\"https:\/\/www.cifo.edu.pe\/wp-content\/uploads\/2025\/08\/TOPICO.png 2119w, https:\/\/www.cifo.edu.pe\/wp-content\/uploads\/2025\/08\/TOPICO-731x1024.png 731w, https:\/\/www.cifo.edu.pe\/wp-content\/uploads\/2025\/08\/TOPICO-768x1075.png 768w, https:\/\/www.cifo.edu.pe\/wp-content\/uploads\/2025\/08\/TOPICO-1097x1536.png 1097w, https:\/\/www.cifo.edu.pe\/wp-content\/uploads\/2025\/08\/TOPICO-1463x2048.png 1463w, https:\/\/www.cifo.edu.pe\/wp-content\/uploads\/2025\/08\/TOPICO-640x896.png 640w, https:\/\/www.cifo.edu.pe\/wp-content\/uploads\/2025\/08\/TOPICO-400x560.png 400w, https:\/\/www.cifo.edu.pe\/wp-content\/uploads\/2025\/08\/TOPICO-367x514.png 367w\" sizes=\"(max-width: 2119px) 100vw, 2119px\" \/><\/figure><\/div>[\/vc_tab][vc_tab title=\u00bbMANTENIMIENTO\u00bb tab_id=\u00bb1682700715150-5-5&#8243;][vc_custom_heading text=\u00bbEl personal de mantenimiento cumple un rol importante en nuestra comunidad y est\u00e1 formado por personas responsables y de valores cristianos.\u00bb font_container=\u00bbtag:p|text_align:left\u00bb use_theme_fonts=\u00bbyes\u00bb font_weight=\u00bb600&#8243; animation_delay=\u00bb300&#8243; animation_type=\u00bbfadeInLeft\u00bb]<div class=\"porto-gallery has-ccols ccols-1 wpb_custom_990125ee54cc6ce8d5f272820494c17d porto-carousel owl-carousel nav-inside align-items-start porto-ig-effect-2\" data-plugin-options=\"{&quot;autoplay&quot;:true,&quot;autoplayTimeout&quot;:5000,&quot;autoplayHoverPause&quot;:true,&quot;items&quot;:1,&quot;lg&quot;:1,&quot;md&quot;:1,&quot;sm&quot;:1,&quot;xs&quot;:1,&quot;nav&quot;:true,&quot;dots&quot;:&quot;yes&quot;}\"><figure><img width=\"4268\" height=\"2401\" src=\"https:\/\/www.cifo.edu.pe\/wp-content\/uploads\/2025\/08\/MANTENIMIENTO.png\" class=\"attachment-full size-full\" alt=\"\" decoding=\"async\" loading=\"lazy\" srcset=\"https:\/\/www.cifo.edu.pe\/wp-content\/uploads\/2025\/08\/MANTENIMIENTO.png 4268w, https:\/\/www.cifo.edu.pe\/wp-content\/uploads\/2025\/08\/MANTENIMIENTO-1024x576.png 1024w, https:\/\/www.cifo.edu.pe\/wp-content\/uploads\/2025\/08\/MANTENIMIENTO-768x432.png 768w, https:\/\/www.cifo.edu.pe\/wp-content\/uploads\/2025\/08\/MANTENIMIENTO-1536x864.png 1536w, https:\/\/www.cifo.edu.pe\/wp-content\/uploads\/2025\/08\/MANTENIMIENTO-2048x1152.png 2048w, https:\/\/www.cifo.edu.pe\/wp-content\/uploads\/2025\/08\/MANTENIMIENTO-640x360.png 640w, https:\/\/www.cifo.edu.pe\/wp-content\/uploads\/2025\/08\/MANTENIMIENTO-400x225.png 400w, https:\/\/www.cifo.edu.pe\/wp-content\/uploads\/2025\/08\/MANTENIMIENTO-367x206.png 367w\" sizes=\"(max-width: 4268px) 100vw, 4268px\" \/><\/figure><\/div>[\/vc_tab][\/vc_tabs][\/vc_column][\/vc_row][vc_row][vc_column][vc_text_separator title=\u00bbCifo\u00bb color=\u00bborange\u00bb border_width=\u00bb2&#8243; css_animation=\u00bbfadeInUp\u00bb][\/vc_column][\/vc_row]<\/p>\n<\/section>","protected":false},"excerpt":{"rendered":"<p>[vc_row wrap_container=\u00bbyes\u00bb el_class=\u00bbpy-3 pt-lg-5 pb-lg-4 my-5&#8243;][vc_column offset=\u00bbvc_col-md-6&#8243;][vc_custom_heading text=\u00bbOrganizaci\u00f3n\u00bb font_container=\u00bbtag:h5|font_size:14px|text_align:left|line_height:26px\u00bb use_theme_fonts=\u00bbyes\u00bb text_transform=\u00bbtext-uppercase\u00bb font_weight=\u00bb600&#8243; skin=\u00bbprimary\u00bb letter_spacing=\u00bb0&#8243; show_border=\u00bbyes\u00bb border_skin=\u00bbprimary\u00bb border_type=\u00bbmiddle-border-reverse\u00bb border_size=\u00bblg\u00bb animation_delay=\u00bb100&#8243; animation_type=\u00bbfadeInLeft\u00bb el_class=\u00bbmb-1&#8243; border_spacing=\u00bb{\u00abxl\u00ab:\u00ab20\u00ab,\u00abunit\u00ab:\u00ab\u00ab,\u00abxs\u00ab:\u00ab\u00ab,\u00absm\u00ab:\u00ab\u00ab,\u00abmd\u00ab:\u00ab\u00ab,\u00ablg\u00ab:\u00ab\u00ab}\u00bb css=\u00bb.vc_custom_1682698856313{margin-top: 15px !important;}\u00bb][vc_custom_heading text=\u00bbPersonal\u00bb font_container=\u00bbtag:h2|text_align:left|line_height:normal\u00bb use_theme_fonts=\u00bbyes\u00bb skin=\u00bbsecondary\u00bb animation_delay=\u00bb200&#8243; el_class=\u00bbmb-4&#8243; animation_type=\u00bbfadeInLeft\u00bb][vc_custom_heading text=\u00bbLa Instituci\u00f3n Educativa Isabel Flores de Oliva, concibe la educaci\u00f3n como un proceso de humanizaci\u00f3n permanente que coloca a la persona en el [&hellip;]<\/p>\n","protected":false},"author":1,"featured_media":0,"parent":5132,"menu_order":0,"comment_status":"closed","ping_status":"closed","template":"","meta":[],"_links":{"self":[{"href":"https:\/\/www.cifo.edu.pe\/index.php\/wp-json\/wp\/v2\/pages\/5146"}],"collection":[{"href":"https:\/\/www.cifo.edu.pe\/index.php\/wp-json\/wp\/v2\/pages"}],"about":[{"href":"https:\/\/www.cifo.edu.pe\/index.php\/wp-json\/wp\/v2\/types\/page"}],"author":[{"embeddable":true,"href":"https:\/\/www.cifo.edu.pe\/index.php\/wp-json\/wp\/v2\/users\/1"}],"replies":[{"embeddable":true,"href":"https:\/\/www.cifo.edu.pe\/index.php\/wp-json\/wp\/v2\/comments?post=5146"}],"version-history":[{"count":36,"href":"https:\/\/www.cifo.edu.pe\/index.php\/wp-json\/wp\/v2\/pages\/5146\/revisions"}],"predecessor-version":[{"id":8331,"href":"https:\/\/www.cifo.edu.pe\/index.php\/wp-json\/wp\/v2\/pages\/5146\/revisions\/8331"}],"up":[{"embeddable":true,"href":"https:\/\/www.cifo.edu.pe\/index.php\/wp-json\/wp\/v2\/pages\/5132"}],"wp:attachment":[{"href":"https:\/\/www.cifo.edu.pe\/index.php\/wp-json\/wp\/v2\/media?parent=5146"}],"curies":[{"name":"wp","href":"https:\/\/api.w.org\/{rel}","templated":true}]}}